 -2) + 0.
-3
What is 6 + -1 + (1 - (-6 - -9))?
3
Evaluate -1 - (-1 - (4 + -3)).
1
Evaluate 3 - (7 + (7 - 14)).
3
-9 + -6 + 10 + 1
-4
What is (-9 - -10) + (-2 - 0) - 3?
-4
Evaluate (5 - (14 - 3)) + (-3 - -4).
-5
5 + -8 - (0 + 1)
-4
What is the value of 0 - -1 - (6 - 4)?
-1
What is -4 - (-2 + 5 + -3)?
-4
Evaluate -3 + 3 - -4 - 5.
-1
Evaluate 0 + (-1 - (1 + -7)) - 4.
1
Evaluate -66 + 67 + -3 + 4.
2
0 - -9 - 5 - (-2 - -2)
4
What is the value of 4 + -2 - (-6 - (-5 + -1))?
2
(-6 - -5 - (2 + -2)) + -3
-4
Evaluate -1 + (-4 - -6) - (-6 - -1).
6
What is (4 - (3 + 1)) + -2?
-2
What is the value of 11 + -10 + (0 - -1)?
2
(9 - (-10 + 9)) + -5
5
Evaluate (6 - 1) + 1 + -4.
2
What is 1 + -6 - ((-10 - 2) + 9)?
-2
What is 3 + -5 + 5 + -4?
-1
Calculate (9 - 12) + (3 - 2 - 0).
-2
What is -5 - 8 - -9 - -1?
-3
(1 - 3) + (-13 + 4 - -3)
-8
Calculate 10 + (-3 - (6 - (0 - -5))).
6
3 + 2 + 1 + -1 + 0
5
Calculate 1 + -3 + (-4 - -4 - 3).
-5
What is 3 - 8 - -1 - 0?
-4
What is -1 - (3 + 1 + -2)?
-3
What is -1 - -3 - (5 - (4 - 3))?
-2
Evaluate -5 - -1 - (-4 + 1).
-1
Evaluate 5 + (-7 - -9) - 10.
-3
What is the value of (-32 - -33 - (1 - -4)) + 7?
3
What is 3 + -3 + 15 + -7?
8
-9 - -12 - (1 + 0 - 0)
2
Evaluate 10 + -4 + -1 + -3.
2
What is the value of -1 + -4 + (18 - (7 + 0))?
6
2 - (1 - (0 - 6))
-5
Calculate (-3 - -15) + -58 + 54.
8
Evaluate 5 + (-7 - 4) + 10.
4
Evaluate 2 - (2 + -6 - -1).
5
What is (-5 - -10) + -6 + (1 - -2)?
2
What is 0 + (-2 - 1) + -12 + 18?
3
Calculate 51 - 56 - (-4 - 0).
-1
What is -1 - (-2 + 1) - (-25 - -23)?
2
What is -7 + (5 - (1 - -3)) - 3?
-9
Calculate (-7 - (-11 + 3)) + -8.
-7
What is 5 + -5 + 0 + 0?
0
(22 - 15) + -1 + 2
8
-3 - (3 - (22 - 9))
7
What is (-5 - ((4 - 8) + 2)) + 1?
-2
Evaluate -2 + 5 + -5 + -2.
-4
Evaluate (-5 - 2) + (6 - -1) + -4.
-4
What is -1 + -5 + 3 + 1?
-2
Evaluate (4 - 4) + 0 + (5 - 1).
4
Calculate 12 - (13 - (-12 - -19)).
6
Calculate (-3 - (5 - 7)) + (2 - -4).
5
What is -10 + 8 - (-4 - (-1 - 1))?
0
What is the value of (-23 + 18 - (-1 - 8)) + -1?
3
What is 4 + -4 + 1 + (-3 - -7)?
5
What is the value of 0 + ((-5 - -5) + -1 - 0)?
-1
Calculate -9 - (-4 + 3 + -1 + -1).
-6
Calculate -1 + (1 - 11 - -17).
6
1 - (2 + -1 + -1)
1
(-3 + 8 - 15) + 5 + 8
3
What is 17 - (12 - (7 - 4))?
8
Calculate -1 + 0 - (2 - (1 - 1)).
-3
What is the value of -3 - -6 - 0 - (-27 + 24)?
6
Calculate 5 - (-4 - (3 - 5) - -8).
-1
(-3 - 1) + 2 - 0
-2
Calculate 7 - (-4 + -3) - 13.
1
Calculate 0 - -3 - (1 + 8 + 0).
-6
-6 - ((4 - 9) + 0)
-1
What is the value of (4 + -7 - (-4 + -1)) + 0?
2
What is 11 + -5 + 3 + -5?
4
Evaluate 1 - (2 + -3 + 3).
-1
What is the value of 0 + 3 + 0 + -4 - 1?
-2
Calculate -9 + 13 + (1 + -6 - -3).
2
Evaluate 5 - (-5 + 12) - 3.
-5
Evaluate 6 + -6 + 4 - (2 - 1).
3
What is 4 + (-11 - -4) + 4?
1
Calculate -1 - (-6 + -4 - -7).
2
(-1 - 2) + (-2 - 0) + 3
-2
Calculate 1 - (0 + -5 + (-13 - -14)).
5
What is 9 + -14 + 4 + 0?
-1
Evaluate (3 - 5) + (-1 - 0).
-3
What is the value of 8 - (-6 + 8 + -5 + 5)?
6
What is the value of 1 + 0 - (-2 + 0 + 0)?
3
(1 - 4 - 3) + 9
3
Evaluate -5 + 9 + (-14 + 4 - -5).
-1
Calculate (1 + -4 - -3) + -4 - -6.
2
What is the value of (1 - (-7 + -4 + 8)) + -1?
3
13 + -18 + (-10 - -10)
-5
What is (-1 + -3 - -4) + 4?
4
-7 - (2 + -3) - -2
-4
Calculate (1 - 2 - (-2 + 0)) + 3.
4
What is 2 + -11 + 6 - -12?
9
What is 1 + -4 - (4 - (1 + 1))?
-5
Evaluate 2 + 2 + (7 + -4 - 4).
3
-8 - -8 - (-13 + 7)
6
Evaluate 1 - (-2 + 8 - -4).
-9
What is the value of -1 - (-3 - 4 - -6)?
0
Evaluate (3 - 9) + (2 - -1) + 7.
4
Evaluate -6 + 2 + -5 + 2 + 3.
-4
What is -4 + -7 + (6 - -1)?
-4
Evaluate 2 + 2 + (4 - 3).
5
Evaluate 0 - (-1 + -1 - -4).
-2
What is the value of -1 - 0 - (38 + -42)?
3
20 + -14 + (-1 - -5)
10
What is the value of 1 + (4 - 7) + 6?
4
-2 + (0 + -4 - -3)
-3
Evaluate 11 + 1 - 4 - 4.
4
What is the value of 6 + (-14 - -6) + 2?
0
What is the value of 2 + (-3 - -1) + -2?
-2
-20 + 13 - (4 - -3 - 3)
-11
What is the value of (14 - 11) + -7 + (5 - -1)?
2
What is the value of (-1 - 5) + (19 - 12)?
1
Calculate -7 + 1 + (-7 - -11).
-2
-1 + -4 + 3 - 1
-3
Calculate -54 + 55 + (-1 + 5 - 0).
5
What is 3 - (-7 + (2 - -7))?
1
Calculate 2 + 1 + 1 - 1.
3
Evaluate (5 - -1) + (37 - 40).
3
What is 12 + -4 + (0 - 5) + 1?
4
What is the value of -1 - (7 + -2 - 4)?
-2
Evaluate 0 + -3 + (5 - 2) + -4.
-4
What is (9 - (-6 - -6)) + -6 + -10?
-7
Evaluate 3 + -2 + 5 - 4.
2
Evaluate 4 - (7 + -8 + (0 - -7)).
-2
Calculate 0 + -6 + (-30 - -37).
1
What is the value of -6 + (1 + 0 - -1)?
-4
Calculate (11 - 16) + (3 + 3 - -1).
2
Evaluate -7 - -10 - (0 + -1).
4
Calculate -3 + 3 + (-3 - 6) + 4.
-5
What is 0 + (-1 + 1 - (3 + -6))?
3
Evaluate 1 + (-2 + 8 - 1).
6
Evaluate 5 + -5 + (5 - 0).
5
7 - (3 + 2 - (3 + -1))
4
Calculate 11 - (2 - 7) - 9.
7
Evaluate -2 + 0 + 11 + -7 - -3.
5
What is the value of 6 - (6 + (0 - -8) + -6)?
-2
What is (6 + -16 - -1) + 17?
8
What is 3 + -7 - (-10 - -5)?
1
Calculate 3 - -1 - (10 + -2).
-4
Evaluate 1 + 12 + -14 + 1 + -5.
-5
Calculate (4 - -1) + -5 + 5.
5
Calculate -7 - (0 - 5 - -4).
-6
What is the value of (4 - (-5 + 3)) + -7 + -4?
-5
What is the value of (1 - 1) + (-3 - (1 + -4))?
0
Evaluate 1 + -1 - (-3 + -3).
6
What is -8 + -10 + 9 + 7?
-2
Calculate (0 - -1) + (1 - -1).
3
What is the value of 1 - -2 - 3 - -4?
4
Calculate (-1 - -2) + (10 - 16) - -3.
-2
Evaluate -8 - -3 - ((0 - 1) + 1).
-5
(-2 - (-9 + 3 - -2)) + -6
-4
Calculate 1 + (0 - -4) - 8.
-3
What is the value of 6 + 3 + (-2 - 11)?
-4
Evaluate (5 - (3 - 4)) + (-6 - 0).
0
-1 - (3 - 5) - (5 + -2)
-2
Calculate 10 - 12 - (-9 - -3 - -2).
2
Calculate (-1 + 0 - 0) + (46 - 50).
-5
Evaluate -5 - (3 + -5) - (1 - -1).
-5
What is -5 + 1 - (-3 + 2)?
-3
Calculate 4 - 1 - (6 + -3).
0
Calculate -1 - -1 - (3 + (0 - 1)).
-2
What is 91 + -85 + (1 - 4)?
3
What is (10 + -10 - -5) + -5 + 1?
1
Evaluate 16 - 18 - (-1 - -3).
-4
What is the value of 30 + -34 - (1 + 0 + 0)?
-5
What is -1 - 2 - (-5 + (5 - 4))?
1
3 + 4 - 1 - 4
2
What is -7 - (6 + -11) - 1?
-3
What is 20 - ((4 - 7) + 18)?
5
Calculate -11 - (-3 - 4) - 11 - -6.
-9
What is the value of 15 + -15 - 2 - 3?
-5
What is the value of (-9 - -15) + (-2 - -1)?
5
Calculate -1 + 2 + -3 + (25 - 18).
5
Calculate (0 - (0 + -2)) + 3.
5
What is the value of 0 - 1 - (11 - 10)?
-2
7 + -13 + -1 + 14
7
What is the value of 5 + (-7 - (1 + 4))?
-7
What is the value of 3 + -10 + 6 + 0?
-1
Calculate (7 - (-3 - -12)) + -3 + 0.
-5
Calculate -6 - -4 - (2 + -6).
2
Calculate (2 - (-4 - -2)) + 1.
5
What is the value of 7 - (0 - (-1 + (-1 - 2)))?
3
What is the value of 25 + -29 + (-1 - -4)?
-1
Calculate 1 + (-2 - (-3 + 3)).
-1
Calculate -1 + 4 - (1 + 2) - 3.
-3
Calculate -6 - (1 + -5 + 2).
-4
What is -12 - (-2 - (-5 + 23))?
8
Calculate 1 + -2 + 1 - (-1 - 4).
5
Evaluate -7 + (0 - (-3 - 1)).
-3
Evaluate -1 + -1 - (-10 + (4 - -7)).
-3
What is the value of 3 + 2 + -8 + 0?
-3
What is 1 + (-4 + 5 - (-7 - -1))?
8
Calculate -2 + -9 - (8 - 17).
-2
Evaluate 9 - (-8 - -1 - -19).
-3
What is 4 - (9 + (-4 - -5))?
-6
What is the value of 0 + -1 + 3 + -1?
1
What is -7 + 3 + (3 - 3)?
-4
(-23 - -9 - -14) + (1 - -2)
3
Evaluate 24 + -22 + -2 + 0 + 0.
0
6 + -8 - (0 + 1)
-3
Calculate 5 + (4 - -7 - 7) - 5.
4
-3 + -6 + 6 + 2 + -6
-7
Evaluate 0 - (-4 + (5 - -4) + -5).
0
(0 + -4 - -11) + (-8 - -6)
5
What is -5 + (1 - -2 - (-12 + 8))?
2
Evaluate -6 + 8 + -8 + 2.
-4
What is the value of 3 + 1 + 9 + -20?
-7
What is -64 - -70 - (1 - -2)?
3
Calculate (-23 - -29) + (0 - 7 - -2).
1
Calculate (-4 - -1 - -6) + -6.
-3
What is the value of (3 - (1 - -8)) + 1?
-5
Calculate 8 - 6 - (3 - (-3 - -1)).
-3
Evaluate 4 - 7 - 6 - -5.
-4
What is the value of -2 - (-1 + -3 + -1)?
3
Evaluate -8 - (-3 + -6 + 2).
-1
Evaluate -12 - -11 - (0 + 2).
-3
What is (5 + 1 + -5 - 8) + 5?
-2
Calculate 1 - -1 - (4 + -7).
5
Calculate 0 + -2 - (31 - 24).
-9
5 + (6 - 3) + -3
5
-9 + (-2 - 4) + 13
-2
What is 12 + 2 + (-6 - 3)?
5
What is the value of -15 + 8 + (5 - 1)?
-3
Evaluate -4 - 0 - (8 + -9).
-3
What is the value of -4 + (11 + -3 - 1)?
3
Calculate -6 + 1 + (98 - 94).
-1
Calculate (-2 + -1 - -4) + 4.
5
What is 3 - ((-21 - -6) + 10)?
8
What is 13 + (-16 - -7) + 6?
10
-3 + (1 - (-1 - -4 - 3))
-2
What is 0 - (47 - 48 - (-1 + 3))?
3
Calculate 2 - ((-2 - -5) + 5).
-6
What is the value of (-3 + 6 - (5 - 9)) + -6?
1
What is (2 - 0 - 8) + -16 + 18?
-4
Evalu